{"id":17,"date":"2021-10-18T08:38:25","date_gmt":"2021-10-18T06:38:25","guid":{"rendered":"http:\/\/www.gullholmsbaden.se\/?page_id=17"},"modified":"2025-07-02T11:08:26","modified_gmt":"2025-07-02T09:08:26","slug":"konferenser","status":"publish","type":"page","link":"https:\/\/www.gullholmsbaden.se\/?page_id=17","title":{"rendered":"Konferenser"},"content":{"rendered":"\r\n<p><!--themify_builder_static--><h1>Konferens<br\/><\/h1>\r\n<h3>Boka konferens hos oss<br\/><\/h3>\r\n<p>Skr\u00e4ddarsydda konferenspaket i h\u00e4rlig milj\u00f6.<\/p> <p>Vi har ljusa moderna konferenslokaler f\u00f6r b\u00e5de stora och sm\u00e5 s\u00e4llskap utrustade med allt som kan beh\u00f6vas f\u00f6r att just er konferens skall bli lyckad.<\/p> <p>Att konferera p\u00e5 Gullholmen \u00e4r en upplevelse ut\u00f6ver det vanliga. Vi p\u00e5 Gullholmsbaden skr\u00e4ddarsyr konferenser &#8211; allt efter kundens \u00f6nskem\u00e5l. Kom och upplev Gullholmen\/Herman\u00f6 med dess unika sk\u00e4rg\u00e5rdsmilj\u00f6!<\/p> <p>Vi erbjuder konferenspaket enligt era \u00f6nskem\u00e5l. Kontakta oss g\u00e4rna f\u00f6r att f\u00e5 f\u00f6rslag p\u00e5 buff\u00e9, menyer och aktiviteter.<\/p>\r\n<p><a href=\"https:\/\/www.gullholmsbaden.se\/excelsior\/wp-content\/uploads\/2025\/06\/593A8DD5-FD63-4A1B-82CF-6DED48ECA757.mov\">https:\/\/www.gullholmsbaden.se\/excelsior\/wp-content\/uploads\/2025\/06\/593A8DD5-FD63-4A1B-82CF-6DED48ECA757.mov<\/a><\/p>\r\n<a href=\"https:\/\/www.gullholmsbaden.se\/?page_id=6292\" > V\u00e5ra lokaler <\/a>\r\n<a href=\"https:\/\/www.gullholmsbaden.se\/?page_id=6294\" > Konferenspaket <\/a>\r\n<a href=\"https:\/\/www.gullholmsbaden.se\/?page_id=6296\" > Kontakta oss <\/a>\r\n<div id='gallery-1' class='gallery galleryid-17 gallery-columns-3 gallery-size-thumbnail'><figure class='gallery-item'>\n\t\t\t<div class='gallery-icon landscape'>\n\t\t\t\t<a href='https:\/\/www.gullholmsbaden.se\/?attachment_id=324'><img loading=\"lazy\" decoding=\"async\" width=\"150\" height=\"150\" src=\"https:\/\/www.gullholmsbaden.se\/wp-content\/uploads\/2021\/10\/gullholmsbaden-konferenssal-150x150.jpg\" class=\"attachment-thumbnail size-thumbnail\" alt=\"\" \/><\/a>\n\t\t\t<\/div><\/figure><figure class='gallery-item'>\n\t\t\t<div class='gallery-icon landscape'>\n\t\t\t\t<a href='https:\/\/www.gullholmsbaden.se\/?attachment_id=484'><img loading=\"lazy\" decoding=\"async\" width=\"150\" height=\"150\" src=\"https:\/\/www.gullholmsbaden.se\/wp-content\/uploads\/2021\/10\/konferens-gullholmen-150x150.jpg\" class=\"attachment-thumbnail size-thumbnail\" alt=\"\" \/><\/a>\n\t\t\t<\/div><\/figure><figure class='gallery-item'>\n\t\t\t<div class='gallery-icon landscape'>\n\t\t\t\t<a href='https:\/\/www.gullholmsbaden.se\/?attachment_id=325'><img loading=\"lazy\" decoding=\"async\" width=\"150\" height=\"150\" src=\"https:\/\/www.gullholmsbaden.se\/wp-content\/uploads\/2021\/10\/gullholmsbaden-konferens-fika-150x150.jpg\" class=\"attachment-thumbnail size-thumbnail\" alt=\"\" \/><\/a>\n\t\t\t<\/div><\/figure>\n\t\t<\/div>\n<!--\/themify_builder_static--><\/p>","protected":false},"excerpt":{"rendered":"<p>Konferens Boka konferens hos oss Skr\u00e4ddarsydda konferenspaket i h\u00e4rlig milj\u00f6. Vi har ljusa moderna konferenslokaler f\u00f6r b\u00e5de stora och sm\u00e5 s\u00e4llskap utrustade med allt som kan beh\u00f6vas f\u00f6r att just er konferens skall bli lyckad. Att konferera p\u00e5 Gullholmen \u00e4r en upplevelse ut\u00f6ver det vanliga. Vi p\u00e5 Gullholmsbaden skr\u00e4ddarsyr konferenser &#8211; allt efter kundens \u00f6nskem\u00e5l. [&hellip;]<\/p>\n","protected":false},"author":1,"featured_media":0,"parent":0,"menu_order":0,"comment_status":"closed","ping_status":"closed","template":"","meta":{"footnotes":""},"class_list":["post-17","page","type-page","status-publish","hentry","has-post-title","has-post-date","has-post-category","has-post-tag","has-post-comment","has-post-author",""],"_links":{"self":[{"href":"https:\/\/www.gullholmsbaden.se\/index.php?rest_route=\/wp\/v2\/pages\/17","targetHints":{"allow":["GET"]}}],"collection":[{"href":"https:\/\/www.gullholmsbaden.se\/index.php?rest_route=\/wp\/v2\/pages"}],"about":[{"href":"https:\/\/www.gullholmsbaden.se\/index.php?rest_route=\/wp\/v2\/types\/page"}],"author":[{"embeddable":true,"href":"https:\/\/www.gullholmsbaden.se\/index.php?rest_route=\/wp\/v2\/users\/1"}],"replies":[{"embeddable":true,"href":"https:\/\/www.gullholmsbaden.se\/index.php?rest_route=%2Fwp%2Fv2%2Fcomments&post=17"}],"version-history":[{"count":52,"href":"https:\/\/www.gullholmsbaden.se\/index.php?rest_route=\/wp\/v2\/pages\/17\/revisions"}],"predecessor-version":[{"id":6598,"href":"https:\/\/www.gullholmsbaden.se\/index.php?rest_route=\/wp\/v2\/pages\/17\/revisions\/6598"}],"wp:attachment":[{"href":"https:\/\/www.gullholmsbaden.se\/index.php?rest_route=%2Fwp%2Fv2%2Fmedia&parent=17"}],"curies":[{"name":"wp","href":"https:\/\/api.w.org\/{rel}","templated":true}]}}

<p><!--themify_builder_static--><h1>Konferens<br/></h1>
<h3>Boka konferens hos oss<br/></h3>
<p>Skräddarsydda konferenspaket i härlig miljö.</p> <p>Vi har ljusa moderna konferenslokaler för både stora och små sällskap utrustade med allt som kan behövas för att just er konferens skall bli lyckad.</p> <p>Att konferera på Gullholmen är en upplevelse utöver det vanliga. Vi på Gullholmsbaden skräddarsyr konferenser &#8211; allt efter kundens önskemål. Kom och upplev Gullholmen/Hermanö med dess unika skärgårdsmiljö!</p> <p>Vi erbjuder konferenspaket enligt era önskemål. Kontakta oss gärna för att få förslag på buffé, menyer och aktiviteter.</p>
<p><a href="https://www.gullholmsbaden.se/excelsior/wp-content/uploads/2025/06/593A8DD5-FD63-4A1B-82CF-6DED48ECA757.mov">https://www.gullholmsbaden.se/excelsior/wp-content/uploads/2025/06/593A8DD5-FD63-4A1B-82CF-6DED48ECA757.mov</a></p>
<a href="https://www.gullholmsbaden.se/?page_id=6292" > Våra lokaler </a>
<a href="https://www.gullholmsbaden.se/?page_id=6294" > Konferenspaket </a>
<a href="https://www.gullholmsbaden.se/?page_id=6296" > Kontakta oss </a>
<div id='gallery-1' class='gallery galleryid-17 gallery-columns-3 gallery-size-thumbnail'><figure class='gallery-item'>
			<div class='gallery-icon landscape'>
				<a href='https://www.gullholmsbaden.se/?attachment_id=324'><img loading="lazy" decoding="async" width="150" height="150" src="https://www.gullholmsbaden.se/wp-content/uploads/2021/10/gullholmsbaden-konferenssal-150x150.jpg" class="attachment-thumbnail size-thumbnail" alt="" /></a>
			</div></figure><figure class='gallery-item'>
			<div class='gallery-icon landscape'>
				<a href='https://www.gullholmsbaden.se/?attachment_id=484'><img loading="lazy" decoding="async" width="150" height="150" src="https://www.gullholmsbaden.se/wp-content/uploads/2021/10/konferens-gullholmen-150x150.jpg" class="attachment-thumbnail size-thumbnail" alt="" /></a>
			</div></figure><figure class='gallery-item'>
			<div class='gallery-icon landscape'>
				<a href='https://www.gullholmsbaden.se/?attachment_id=325'><img loading="lazy" decoding="async" width="150" height="150" src="https://www.gullholmsbaden.se/wp-content/uploads/2021/10/gullholmsbaden-konferens-fika-150x150.jpg" class="attachment-thumbnail size-thumbnail" alt="" /></a>
			</div></figure>
		</div>
<!--/themify_builder_static--></p>

<p>Konferens Boka konferens hos oss Skräddarsydda konferenspaket i härlig miljö. Vi har ljusa moderna konferenslokaler för både stora och små sällskap utrustade med allt som kan behövas för att just er konferens skall bli lyckad. Att konferera på Gullholmen är en upplevelse utöver det vanliga. Vi på Gullholmsbaden skräddarsyr konferenser &#8211; allt efter kundens önskemål. [&hellip;]</p>
