{"id":19,"date":"2021-10-18T08:38:51","date_gmt":"2021-10-18T06:38:51","guid":{"rendered":"http:\/\/www.gullholmsbaden.se\/?page_id=19"},"modified":"2026-04-29T14:44:58","modified_gmt":"2026-04-29T12:44:58","slug":"mat-dryck","status":"publish","type":"page","link":"https:\/\/www.gullholmsbaden.se\/?page_id=19","title":{"rendered":"Restaurangen"},"content":{"rendered":"\r\n<p><!--themify_builder_static--><h1>Restaurangen<br\/>Sommarterrass med havsutsikt &#8211; en smakupplevelse ut\u00f6ver det vanliga<\/h1>\n<h3><\/h3> <h3>Njut av mat lagad fr\u00e5n grunden av skickliga kockar, serverad av h\u00e4ngiven personal. Uppt\u00e4ck unika smaker i sk\u00e4rg\u00e5rdsmilj\u00f6 &#8211; och missa inte v\u00e5r legendariska R\u00e4ksm\u00f6rg\u00e5s!<\/h3> <h3 style=\"text-align: center;\">\u00d6ppettider:<\/h3> <h3 style=\"text-align: center;\">P\u00e5 vardagar serverar vi hantverkarlunch kl. 12.00-14.00 m\u00e5ste f\u00f6rbokas senast dagen innan.<\/h3> <h5 style=\"text-align: center;\"><strong style=\"\">HELGENS \u00d6PPETTIDER!<\/strong><strong style=\"\"><br> <\/strong><strong style=\"\">FREDAG &amp; L\u00d6RDAG FR\u00c5N KL. 12.00 &#8211; SENT<\/strong><br><\/h5> <h4 style=\"text-align: center;\"><strong>Varmt v\u00e4lkomna att boka p\u00e5 bord p\u00e5 0304-57327!<\/strong><\/h4> <h3 style=\"text-align: center;\">&nbsp;<\/h3>\n<a href=\"https:\/\/www.gullholmsbaden.se\/?page_id=6275\" > A la carte-meny <\/a>\n<a href=\"https:\/\/www.gullholmsbaden.se\/?page_id=6283\" > Hantverkarlunch <\/a>\n<a href=\"https:\/\/www.gullholmsbaden.se\/?page_id=6287\" > Boka bord <\/a>\n<a href=\"https:\/\/www.gullholmsbaden.se\/?page_id=6290\" > Underh\u00e5llning <\/a>\n<div id='gallery-1' class='gallery galleryid-19 gallery-columns-3 gallery-size-thumbnail'><figure class='gallery-item'>\n\t\t\t<div class='gallery-icon landscape'>\n\t\t\t\t<a href='https:\/\/www.gullholmsbaden.se\/?attachment_id=6416'><img loading=\"lazy\" decoding=\"async\" width=\"150\" height=\"150\" src=\"https:\/\/www.gullholmsbaden.se\/wp-content\/uploads\/2025\/06\/1650-150x150.jpg\" class=\"attachment-thumbnail size-thumbnail\" alt=\"\" \/><\/a>\n\t\t\t<\/div><\/figure><figure class='gallery-item'>\n\t\t\t<div class='gallery-icon landscape'>\n\t\t\t\t<a href='https:\/\/www.gullholmsbaden.se\/?attachment_id=6417'><img loading=\"lazy\" decoding=\"async\" width=\"150\" height=\"150\" src=\"https:\/\/www.gullholmsbaden.se\/wp-content\/uploads\/2025\/06\/IMG_1747-150x150.jpeg\" class=\"attachment-thumbnail size-thumbnail\" alt=\"\" \/><\/a>\n\t\t\t<\/div><\/figure><figure class='gallery-item'>\n\t\t\t<div class='gallery-icon landscape'>\n\t\t\t\t<a href='https:\/\/www.gullholmsbaden.se\/?attachment_id=6415'><img loading=\"lazy\" decoding=\"async\" width=\"150\" height=\"150\" src=\"https:\/\/www.gullholmsbaden.se\/wp-content\/uploads\/2025\/06\/1633-150x150.jpg\" class=\"attachment-thumbnail size-thumbnail\" alt=\"\" \/><\/a>\n\t\t\t<\/div><\/figure>\n\t\t<\/div>\n<!--\/themify_builder_static--><\/p>\r\n\r\n<p>&nbsp;<\/p>","protected":false},"excerpt":{"rendered":"<p>&nbsp;<\/p>\n","protected":false},"author":1,"featured_media":0,"parent":0,"menu_order":0,"comment_status":"closed","ping_status":"closed","template":"","meta":{"footnotes":""},"class_list":["post-19","page","type-page","status-publish","hentry","has-post-title","has-post-date","has-post-category","has-post-tag","has-post-comment","has-post-author",""],"_links":{"self":[{"href":"https:\/\/www.gullholmsbaden.se\/index.php?rest_route=\/wp\/v2\/pages\/19","targetHints":{"allow":["GET"]}}],"collection":[{"href":"https:\/\/www.gullholmsbaden.se\/index.php?rest_route=\/wp\/v2\/pages"}],"about":[{"href":"https:\/\/www.gullholmsbaden.se\/index.php?rest_route=\/wp\/v2\/types\/page"}],"author":[{"embeddable":true,"href":"https:\/\/www.gullholmsbaden.se\/index.php?rest_route=\/wp\/v2\/users\/1"}],"replies":[{"embeddable":true,"href":"https:\/\/www.gullholmsbaden.se\/index.php?rest_route=%2Fwp%2Fv2%2Fcomments&post=19"}],"version-history":[{"count":557,"href":"https:\/\/www.gullholmsbaden.se\/index.php?rest_route=\/wp\/v2\/pages\/19\/revisions"}],"predecessor-version":[{"id":8412,"href":"https:\/\/www.gullholmsbaden.se\/index.php?rest_route=\/wp\/v2\/pages\/19\/revisions\/8412"}],"wp:attachment":[{"href":"https:\/\/www.gullholmsbaden.se\/index.php?rest_route=%2Fwp%2Fv2%2Fmedia&parent=19"}],"curies":[{"name":"wp","href":"https:\/\/api.w.org\/{rel}","templated":true}]}}