{"id":6257,"date":"2025-06-11T11:20:12","date_gmt":"2025-06-11T09:20:12","guid":{"rendered":"https:\/\/www.gullholmsbaden.se\/?page_id=6257"},"modified":"2025-06-19T15:17:48","modified_gmt":"2025-06-19T13:17:48","slug":"karta-vagbeskrivning","status":"publish","type":"page","link":"https:\/\/www.gullholmsbaden.se\/?page_id=6257","title":{"rendered":"Karta &#038; v\u00e4gbeskrivning"},"content":{"rendered":"<p><!--themify_builder_static--><iframe src=\"https:\/\/www.google.com\/maps\/embed?pb=!1m18!1m12!1m3!1d9982.358164792277!2d11.395536770103368!3d58.17637418656201!2m3!1f0!2f0!3f0!3m2!1i1024!2i768!4f13.1!3m3!1m2!1s0x464599da9c5df567%3A0xe0f5dd75cd921085!2sGullholmsbaden%20restaurang!5e1!3m2!1ssv!2sse!4v1750338958952!5m2!1ssv!2sse\" width=\"600\" height=\"450\" style=\"border:0;\" allowfullscreen=\"\" loading=\"lazy\" referrerpolicy=\"no-referrer-when-downgrade\"><\/iframe><\/p>\n<h1>V\u00e4gbeskrivning s\u00f6der<\/h1>\n<p>K\u00f6r E6 mot Oslo. Ta avfart mot Stenungsund\/Tj\u00f6rn\/Orust (v\u00e4g 160). K\u00f6r till Varekil. Sv\u00e4ng v\u00e4nster vid Statoil, v\u00e4g 178 mot Ell\u00f6s. Efter en brant backe, ta v\u00e4nster mot H\u00e4lleviksstrand\/Stocken. F\u00f6lj skyltar mot Gullholmen.<\/p>\n<h1>V\u00e4gbeskrivning norr<\/h1>\n<p>K\u00f6r mot Fiskeb\u00e4ckkil. Ta v\u00e4nster vid Rotviksbro och k\u00f6r mot Orust. N\u00e4r ni kommer till Hen\u00e5n, sv\u00e4ng h\u00f6ger mot Ell\u00f6s\/Gullholmen.<\/p>\n<p><!--\/themify_builder_static--><\/p>\n","protected":false},"excerpt":{"rendered":"<p>V\u00e4gbeskrivning s\u00f6der K\u00f6r E6 mot Oslo. Ta avfart mot Stenungsund\/Tj\u00f6rn\/Orust (v\u00e4g 160). K\u00f6r till Varekil. Sv\u00e4ng v\u00e4nster vid Statoil, v\u00e4g 178 mot Ell\u00f6s. Efter en brant backe, ta v\u00e4nster mot H\u00e4lleviksstrand\/Stocken. F\u00f6lj skyltar mot Gullholmen. V\u00e4gbeskrivning norr K\u00f6r mot Fiskeb\u00e4ckkil. Ta v\u00e4nster vid Rotviksbro och k\u00f6r mot Orust. N\u00e4r ni kommer till Hen\u00e5n, sv\u00e4ng h\u00f6ger [&hellip;]<\/p>\n","protected":false},"author":4,"featured_media":0,"parent":0,"menu_order":0,"comment_status":"closed","ping_status":"closed","template":"","meta":{"footnotes":""},"class_list":["post-6257","page","type-page","status-publish","hentry","has-post-title","has-post-date","has-post-category","has-post-tag","has-post-comment","has-post-author",""],"_links":{"self":[{"href":"https:\/\/www.gullholmsbaden.se\/index.php?rest_route=\/wp\/v2\/pages\/6257","targetHints":{"allow":["GET"]}}],"collection":[{"href":"https:\/\/www.gullholmsbaden.se\/index.php?rest_route=\/wp\/v2\/pages"}],"about":[{"href":"https:\/\/www.gullholmsbaden.se\/index.php?rest_route=\/wp\/v2\/types\/page"}],"author":[{"embeddable":true,"href":"https:\/\/www.gullholmsbaden.se\/index.php?rest_route=\/wp\/v2\/users\/4"}],"replies":[{"embeddable":true,"href":"https:\/\/www.gullholmsbaden.se\/index.php?rest_route=%2Fwp%2Fv2%2Fcomments&post=6257"}],"version-history":[{"count":13,"href":"https:\/\/www.gullholmsbaden.se\/index.php?rest_route=\/wp\/v2\/pages\/6257\/revisions"}],"predecessor-version":[{"id":6457,"href":"https:\/\/www.gullholmsbaden.se\/index.php?rest_route=\/wp\/v2\/pages\/6257\/revisions\/6457"}],"wp:attachment":[{"href":"https:\/\/www.gullholmsbaden.se\/index.php?rest_route=%2Fwp%2Fv2%2Fmedia&parent=6257"}],"curies":[{"name":"wp","href":"https:\/\/api.w.org\/{rel}","templated":true}]}}