{"id":6259,"date":"2025-06-11T11:20:29","date_gmt":"2025-06-11T09:20:29","guid":{"rendered":"https:\/\/www.gullholmsbaden.se\/?page_id=6259"},"modified":"2025-12-16T12:58:15","modified_gmt":"2025-12-16T11:58:15","slug":"praktisk-information","status":"publish","type":"page","link":"https:\/\/www.gullholmsbaden.se\/?page_id=6259","title":{"rendered":"Praktisk information"},"content":{"rendered":"<p>&nbsp;<\/p>\n<p><!--themify_builder_static--><\/p>\n<h1>Praktisk information<\/h1>\n<h2>Allm\u00e4n information f\u00f6r er som bes\u00f6ker oss:<\/h2>\n<h3>Receptionens \u00f6ppettider<\/h3>\n<p>Under h\u00f6gs\u00e4song (V.25-33) har receptionen \u00f6ppet mellan 08.00 till 20.00 varje dag.<br \/>\nKommer ni annan tid \u00e4n receptionens \u00f6ppettider var v\u00e4nlig kontakta oss p\u00e5 f\u00f6rhand.<\/p>\n<p>Under l\u00e5gs\u00e4song (v. 34-24) \u00e4r receptionens \u00f6ppettider M\u00e5ndag-Fredag 9.00-15.00.<\/p>\n<h3>S\u00e4nglinne &#038; handdukar<\/h3>\n<p>S\u00e4nglinne och handdukar ing\u00e5r ej i stugpriset, men finns att hyra om s\u00e5 \u00f6nskas i receptionen f\u00f6r 160:-\/set.<\/p>\n<h3>St\u00e4dning<\/h3>\n<p>G\u00e4sten ansvarar sj\u00e4lv f\u00f6r st\u00e4dning av stugan vid avresa.<\/p>\n<p>St\u00e4dning g\u00e5r att k\u00f6pa till enligt nedan prislista:<\/p>\n<p>H\u00f6gs\u00e4song och\/eller veckovistelse &#8211; 1600:-<br \/>\nDygn\/helgvistelse l\u00e5gs\u00e4song &#8211; 1300:-<\/p>\n<h4>Om stugan inte \u00e4r godk\u00e4nt st\u00e4dad vid st\u00e4dkontroll, debiteras st\u00e4dning s\u00e5 n\u00e4sta g\u00e4st alltid f\u00e5r en ren och v\u00e4lst\u00e4dad stuga.<\/h4>\n<p><!--\/themify_builder_static--><\/p>\n","protected":false},"excerpt":{"rendered":"<p>&nbsp; Praktisk information Allm\u00e4n information f\u00f6r er som bes\u00f6ker oss: Receptionens \u00f6ppettider Under h\u00f6gs\u00e4song (V.25-33) har receptionen \u00f6ppet mellan 08.00 till 20.00 varje dag. Kommer ni annan tid \u00e4n receptionens \u00f6ppettider var v\u00e4nlig kontakta oss p\u00e5 f\u00f6rhand. Under l\u00e5gs\u00e4song (v. 34-24) \u00e4r receptionens \u00f6ppettider M\u00e5ndag-Fredag 9.00-15.00. S\u00e4nglinne &#038; handdukar S\u00e4nglinne och handdukar ing\u00e5r ej i [&hellip;]<\/p>\n","protected":false},"author":4,"featured_media":0,"parent":0,"menu_order":0,"comment_status":"closed","ping_status":"closed","template":"","meta":{"footnotes":""},"class_list":["post-6259","page","type-page","status-publish","hentry","has-post-title","has-post-date","has-post-category","has-post-tag","has-post-comment","has-post-author",""],"_links":{"self":[{"href":"https:\/\/www.gullholmsbaden.se\/index.php?rest_route=\/wp\/v2\/pages\/6259","targetHints":{"allow":["GET"]}}],"collection":[{"href":"https:\/\/www.gullholmsbaden.se\/index.php?rest_route=\/wp\/v2\/pages"}],"about":[{"href":"https:\/\/www.gullholmsbaden.se\/index.php?rest_route=\/wp\/v2\/types\/page"}],"author":[{"embeddable":true,"href":"https:\/\/www.gullholmsbaden.se\/index.php?rest_route=\/wp\/v2\/users\/4"}],"replies":[{"embeddable":true,"href":"https:\/\/www.gullholmsbaden.se\/index.php?rest_route=%2Fwp%2Fv2%2Fcomments&post=6259"}],"version-history":[{"count":11,"href":"https:\/\/www.gullholmsbaden.se\/index.php?rest_route=\/wp\/v2\/pages\/6259\/revisions"}],"predecessor-version":[{"id":7640,"href":"https:\/\/www.gullholmsbaden.se\/index.php?rest_route=\/wp\/v2\/pages\/6259\/revisions\/7640"}],"wp:attachment":[{"href":"https:\/\/www.gullholmsbaden.se\/index.php?rest_route=%2Fwp%2Fv2%2Fmedia&parent=6259"}],"curies":[{"name":"wp","href":"https:\/\/api.w.org\/{rel}","templated":true}]}}

<p>&nbsp;</p>
<p><!--themify_builder_static--></p>
<h1>Praktisk information</h1>
<h2>Allmän information för er som besöker oss:</h2>
<h3>Receptionens öppettider</h3>
<p>Under högsäsong (V.25-33) har receptionen öppet mellan 08.00 till 20.00 varje dag.<br />
Kommer ni annan tid än receptionens öppettider var vänlig kontakta oss på förhand.</p>
<p>Under lågsäsong (v. 34-24) är receptionens öppettider Måndag-Fredag 9.00-15.00.</p>
<h3>Sänglinne &#038; handdukar</h3>
<p>Sänglinne och handdukar ingår ej i stugpriset, men finns att hyra om så önskas i receptionen för 160:-/set.</p>
<h3>Städning</h3>
<p>Gästen ansvarar själv för städning av stugan vid avresa.</p>
<p>Städning går att köpa till enligt nedan prislista:</p>
<p>Högsäsong och/eller veckovistelse &#8211; 1600:-<br />
Dygn/helgvistelse lågsäsong &#8211; 1300:-</p>
<h4>Om stugan inte är godkänt städad vid städkontroll, debiteras städning så nästa gäst alltid får en ren och välstädad stuga.</h4>
<p><!--/themify_builder_static--></p>

<p>&nbsp; Praktisk information Allmän information för er som besöker oss: Receptionens öppettider Under högsäsong (V.25-33) har receptionen öppet mellan 08.00 till 20.00 varje dag. Kommer ni annan tid än receptionens öppettider var vänlig kontakta oss på förhand. Under lågsäsong (v. 34-24) är receptionens öppettider Måndag-Fredag 9.00-15.00. Sänglinne &#038; handdukar Sänglinne och handdukar ingår ej i [&hellip;]</p>
