{"id":6271,"date":"2025-06-11T11:23:32","date_gmt":"2025-06-11T09:23:32","guid":{"rendered":"https:\/\/www.gullholmsbaden.se\/?page_id=6271"},"modified":"2026-01-30T11:11:45","modified_gmt":"2026-01-30T10:11:45","slug":"anvandbar-information","status":"publish","type":"page","link":"https:\/\/www.gullholmsbaden.se\/?page_id=6271","title":{"rendered":"Anv\u00e4ndbar information"},"content":{"rendered":"<p><!--themify_builder_static--><\/p>\n<h1>Anv\u00e4ndbar information<br \/><\/h1>\n<h1>Parkering<br \/><\/h1>\n<p>Ni f\u00e5r information om hur ni kommer in p\u00e5 parkeringen i samband med er stugbokning. Tryck p\u00e5 den bifogade filen nedan s\u00e5 kommer en v\u00e4gbeskrivning till v\u00e5r parkering upp. F\u00f6lj v\u00e5ra skyltar inne p\u00e5 parkeringen f\u00f6r att hitta r\u00e4tt. Endast en parkering till varje stuga ing\u00e5r. Har ni fler bilar h\u00e4nvisar vi till betalparkeringarna.<\/p>\n<p>Vid dagsutflykt h\u00e4nvisar vi till betalparkeringarna.<\/p>\n<p><a href=\"https:\/\/www.gullholmsbaden.se\/wp-content\/uploads\/2021\/10\/PARKERING-PA-TUVESVIK.pdf\" > Parkeringsinstruktioner <\/a><\/p>\n<h1>F\u00e4rjor<br \/><\/h1>\n<p>F\u00e4rjan ut till Gullholmen g\u00e5r fr\u00e5n f\u00e4rjel\u00e4ge Tuvesvik p\u00e5 Orust. Biljett till f\u00e4rjan k\u00f6ps fr\u00e5n V\u00e4sttrafiks app eller ombord p\u00e5 f\u00e4rjan.<\/p>\n<p>P\u00e5 Gullholmen finns 2 stycken f\u00e4rjel\u00e4gen och f\u00e4rjel\u00e4get Piren \u00e4r n\u00e4rmast Gullholmsbaden.<\/p>\n<p>F\u00f6r att kolla tidtabellen g\u00e5r ni in p\u00e5 V\u00e4sttrafiks hemsida (l\u00e4nk nedan).<\/p>\n<p><a href=\"https:\/\/www.vasttrafik.se\/reseplanering\/tidtabeller\/linje\/9011014638100000\/\" > Tidtabeller <\/a><\/p>\n<h1>Livsmedel<br \/><\/h1>\n<p>P\u00e5 Gullholmen finns en Tempo-butik med ett varierat utbud. \u00d6ppettider osv. finns p\u00e5 deras hemsida &#8211; l\u00e4nk nedan.<\/p>\n<p><a href=\"https:\/\/www.tempo.se\/butiker\/tempo-orust-gullholmen\/\" > Tempo Gullholmen <\/a><!--\/themify_builder_static--><\/p>\n","protected":false},"excerpt":{"rendered":"<p>Anv\u00e4ndbar information Parkering Ni f\u00e5r information om hur ni kommer in p\u00e5 parkeringen i samband med er stugbokning. Tryck p\u00e5 den bifogade filen nedan s\u00e5 kommer en v\u00e4gbeskrivning till v\u00e5r parkering upp. F\u00f6lj v\u00e5ra skyltar inne p\u00e5 parkeringen f\u00f6r att hitta r\u00e4tt. Endast en parkering till varje stuga ing\u00e5r. Har ni fler bilar h\u00e4nvisar vi [&hellip;]<\/p>\n","protected":false},"author":4,"featured_media":0,"parent":0,"menu_order":0,"comment_status":"closed","ping_status":"closed","template":"","meta":{"footnotes":""},"class_list":["post-6271","page","type-page","status-publish","hentry","has-post-title","has-post-date","has-post-category","has-post-tag","has-post-comment","has-post-author",""],"_links":{"self":[{"href":"https:\/\/www.gullholmsbaden.se\/index.php?rest_route=\/wp\/v2\/pages\/6271","targetHints":{"allow":["GET"]}}],"collection":[{"href":"https:\/\/www.gullholmsbaden.se\/index.php?rest_route=\/wp\/v2\/pages"}],"about":[{"href":"https:\/\/www.gullholmsbaden.se\/index.php?rest_route=\/wp\/v2\/types\/page"}],"author":[{"embeddable":true,"href":"https:\/\/www.gullholmsbaden.se\/index.php?rest_route=\/wp\/v2\/users\/4"}],"replies":[{"embeddable":true,"href":"https:\/\/www.gullholmsbaden.se\/index.php?rest_route=%2Fwp%2Fv2%2Fcomments&post=6271"}],"version-history":[{"count":17,"href":"https:\/\/www.gullholmsbaden.se\/index.php?rest_route=\/wp\/v2\/pages\/6271\/revisions"}],"predecessor-version":[{"id":7835,"href":"https:\/\/www.gullholmsbaden.se\/index.php?rest_route=\/wp\/v2\/pages\/6271\/revisions\/7835"}],"wp:attachment":[{"href":"https:\/\/www.gullholmsbaden.se\/index.php?rest_route=%2Fwp%2Fv2%2Fmedia&parent=6271"}],"curies":[{"name":"wp","href":"https:\/\/api.w.org\/{rel}","templated":true}]}}