{"id":6292,"date":"2025-06-11T11:28:31","date_gmt":"2025-06-11T09:28:31","guid":{"rendered":"https:\/\/www.gullholmsbaden.se\/?page_id=6292"},"modified":"2025-07-05T08:01:56","modified_gmt":"2025-07-05T06:01:56","slug":"vara-lokaler","status":"publish","type":"page","link":"https:\/\/www.gullholmsbaden.se\/?page_id=6292","title":{"rendered":"V\u00e5ra lokaler"},"content":{"rendered":"<p><!--themify_builder_static--><\/p>\n<h3>Lokaler<\/h3>\n<p>Vi har utrymmen f\u00f6r s\u00e4llskap fr\u00e5n 10 &#8211; 50 personer.<\/p>\n<p>Kunden v\u00e4ljer sj\u00e4lv sittningstyp &#8211; U-sittning eller skolsittning.<\/p>\n<h3>Utrustning<\/h3>\n<p>Samtliga rum \u00e4r utrustade med Wi-Fi, projektor, h\u00f6gtalare och whiteboard.<\/p>\n<p>Konferensblock och pennor tillhandah\u00e5lls sj\u00e4lvklart, samt frukt, godis och vatten.<\/p>\n<h3>Mat &#038; dryck<\/h3>\n<p>Lunch och middagspaket enligt \u00f6.k.<\/p>\n<div id='gallery-1' class='gallery galleryid-6292 gallery-columns-3 gallery-size-thumbnail'><figure class='gallery-item'>\n\t\t\t<div class='gallery-icon portrait'>\n\t\t\t\t<a href='https:\/\/www.gullholmsbaden.se\/?attachment_id=6651'><img loading=\"lazy\" decoding=\"async\" width=\"150\" height=\"150\" src=\"https:\/\/www.gullholmsbaden.se\/wp-content\/uploads\/2025\/07\/1590-150x150.jpg\" class=\"attachment-thumbnail size-thumbnail\" alt=\"\" srcset=\"https:\/\/www.gullholmsbaden.se\/wp-content\/uploads\/2025\/07\/1590-150x150.jpg 150w, https:\/\/www.gullholmsbaden.se\/wp-content\/uploads\/2025\/07\/1590-298x300.jpg 298w, https:\/\/www.gullholmsbaden.se\/wp-content\/uploads\/2025\/07\/1590-1019x1024.jpg 1019w, https:\/\/www.gullholmsbaden.se\/wp-content\/uploads\/2025\/07\/1590-768x772.jpg 768w, https:\/\/www.gullholmsbaden.se\/wp-content\/uploads\/2025\/07\/1590-1528x1536.jpg 1528w, https:\/\/www.gullholmsbaden.se\/wp-content\/uploads\/2025\/07\/1590-2037x2048.jpg 2037w\" sizes=\"auto, (max-width: 150px) 100vw, 150px\" \/><\/a>\n\t\t\t<\/div><\/figure><figure class='gallery-item'>\n\t\t\t<div class='gallery-icon landscape'>\n\t\t\t\t<a href='https:\/\/www.gullholmsbaden.se\/?attachment_id=6652'><img loading=\"lazy\" decoding=\"async\" width=\"150\" height=\"150\" src=\"https:\/\/www.gullholmsbaden.se\/wp-content\/uploads\/2025\/07\/1613-150x150.jpg\" class=\"attachment-thumbnail size-thumbnail\" alt=\"\" \/><\/a>\n\t\t\t<\/div><\/figure><figure class='gallery-item'>\n\t\t\t<div class='gallery-icon landscape'>\n\t\t\t\t<a href='https:\/\/www.gullholmsbaden.se\/?attachment_id=6648'><img loading=\"lazy\" decoding=\"async\" width=\"150\" height=\"150\" src=\"https:\/\/www.gullholmsbaden.se\/wp-content\/uploads\/2025\/07\/1572-150x150.jpg\" class=\"attachment-thumbnail size-thumbnail\" alt=\"\" \/><\/a>\n\t\t\t<\/div><\/figure><figure class='gallery-item'>\n\t\t\t<div class='gallery-icon landscape'>\n\t\t\t\t<a href='https:\/\/www.gullholmsbaden.se\/?attachment_id=6650'><img loading=\"lazy\" decoding=\"async\" width=\"150\" height=\"150\" src=\"https:\/\/www.gullholmsbaden.se\/wp-content\/uploads\/2025\/07\/1588-150x150.jpg\" class=\"attachment-thumbnail size-thumbnail\" alt=\"\" \/><\/a>\n\t\t\t<\/div><\/figure><figure class='gallery-item'>\n\t\t\t<div class='gallery-icon landscape'>\n\t\t\t\t<a href='https:\/\/www.gullholmsbaden.se\/?attachment_id=6649'><img loading=\"lazy\" decoding=\"async\" width=\"150\" height=\"150\" src=\"https:\/\/www.gullholmsbaden.se\/wp-content\/uploads\/2025\/07\/1578-150x150.jpg\" class=\"attachment-thumbnail size-thumbnail\" alt=\"\" \/><\/a>\n\t\t\t<\/div><\/figure>\n\t\t<\/div>\n\n<p><!--\/themify_builder_static--><\/p>\n","protected":false},"excerpt":{"rendered":"<p>Lokaler Vi har utrymmen f\u00f6r s\u00e4llskap fr\u00e5n 10 &#8211; 50 personer. Kunden v\u00e4ljer sj\u00e4lv sittningstyp &#8211; U-sittning eller skolsittning. Utrustning Samtliga rum \u00e4r utrustade med Wi-Fi, projektor, h\u00f6gtalare och whiteboard. Konferensblock och pennor tillhandah\u00e5lls sj\u00e4lvklart, samt frukt, godis och vatten. Mat &#038; dryck Lunch och middagspaket enligt \u00f6.k.<\/p>\n","protected":false},"author":4,"featured_media":0,"parent":0,"menu_order":0,"comment_status":"closed","ping_status":"closed","template":"","meta":{"footnotes":""},"class_list":["post-6292","page","type-page","status-publish","hentry","has-post-title","has-post-date","has-post-category","has-post-tag","has-post-comment","has-post-author",""],"_links":{"self":[{"href":"https:\/\/www.gullholmsbaden.se\/index.php?rest_route=\/wp\/v2\/pages\/6292","targetHints":{"allow":["GET"]}}],"collection":[{"href":"https:\/\/www.gullholmsbaden.se\/index.php?rest_route=\/wp\/v2\/pages"}],"about":[{"href":"https:\/\/www.gullholmsbaden.se\/index.php?rest_route=\/wp\/v2\/types\/page"}],"author":[{"embeddable":true,"href":"https:\/\/www.gullholmsbaden.se\/index.php?rest_route=\/wp\/v2\/users\/4"}],"replies":[{"embeddable":true,"href":"https:\/\/www.gullholmsbaden.se\/index.php?rest_route=%2Fwp%2Fv2%2Fcomments&post=6292"}],"version-history":[{"count":7,"href":"https:\/\/www.gullholmsbaden.se\/index.php?rest_route=\/wp\/v2\/pages\/6292\/revisions"}],"predecessor-version":[{"id":6658,"href":"https:\/\/www.gullholmsbaden.se\/index.php?rest_route=\/wp\/v2\/pages\/6292\/revisions\/6658"}],"wp:attachment":[{"href":"https:\/\/www.gullholmsbaden.se\/index.php?rest_route=%2Fwp%2Fv2%2Fmedia&parent=6292"}],"curies":[{"name":"wp","href":"https:\/\/api.w.org\/{rel}","templated":true}]}}